= -5*h + 12. Let g = -125 - -160. What is the remainder when g is divided by s?
9
What is the remainder when 4/1 + (-198)/(-22) is divided by 8?
5
Let l(c) = 81*c - 241. What is the remainder when 1409 is divided by l(4)?
81
Let q(a) = -a**2 - 5 - 2 + 3*a + 22 - 2*a. Calculate the remainder when q(0) is divided by 4.
3
Let f = 483 - 342. Let w(m) = -42*m - 5. Calculate the remainder when f is divided by w(-1).
30
Let f(j) be the first derivative of 10*j + 6 + 1/3*j**3 - 3/2*j**2. What is the remainder when 37 is divided by f(5)?
17
Suppose -4*w + 38 = 14. Calculate the remainder when ((-556)/(-8) - w) + (-1)/(-2) is divided by 35.
29
Suppose -8 = -4*n, -2*n + 12 = -5*y + 7*y. Suppose -18 = 3*u + 2*w - 76, y*u - 4*w = 104. What is the remainder when u is divided by 9?
4
Suppose 24 + 59 = x. Calculate the remainder when x is divided by (1 - 0)*-5*56/(-10).
27
Suppose -o = 3*t - 4*t + 7, 3*t = -2*o - 4. Suppose 0*j + 28 = t*j. Calculate the remainder when 54 is divided by j.
12
Let q(p) = p**3 - 13*p**2 + p - 6. Suppose 126 + 162 = -6*x. Let s = x - -73. Calculate the remainder when s is divided by q(13).
4
Let b be 4/10 + 66/10. Let j = b - 4. Calculate the remainder when ((-2)/4)/(7/(-14))*3 is divided by j.
0
Let i(r) = 8*r**2 + 3*r + 1. Suppose 4*b = -w - 17, 3*b + 26 = 2*w - b. Calculate the remainder when i(w) is divided by 21.
19
Suppose 0 = -3*q - 6, 3*q + 33 = 2*z - 7. Let r(f) = f**3 + 6*f**2 - f - 3. What is the remainder when r(-4) is divided by z?
16
Let k = -32 - -113. Suppose 77 = 5*d - r, -5*d + 0*r = -3*r - k. What is the remainder when 57 is divided by d?
12
Suppose -2*y = w - 147, -3*w + 140 = 4*y - 295. Calculate the remainder when w is divided by (-2)/(-1) + -3 - -17.
13
Suppose 20*j - 72 - 448 = 0. Calculate the remainder when j is divided by 10.
6
Suppose 12 = -3*y + d, 3*y = 2*y + d - 6. Let s = 3 + y. Let b = 5 - s. Calculate the remainder when 9 is divided by b.
4
Let g be (5 - 8 - -8) + -2. Suppose -4*r - i + 287 = -0*r, -80 = -r - g*i. What is the remainder when r is divided by 18?
17
Let p = 46 - 28. Suppose 223 = 41*l - 126 + 62. What is the remainder when p is divided by l?
4
Suppose -4*k + 31 = 7. What is the remainder when 46 is divided by k?
4
Suppose -9 = 3*i, 0*y + 2*y = 2*i + 358. What is the remainder when y is divided by 44?
0
Suppose 5*z = -31 + 206. Suppose -4*t = -147 + z. Calculate the remainder when 55 is divided by t.
27
Suppose -160 = -34*v + 2*v. What is the remainder when 264 is divided by v?
4
Suppose -204 - 566 = -35*p. What is the remainder when 306 is divided by p?
20
Suppose -4*l - 84 = -4*v, 19*l = 2*v + 21*l - 42. Calculate the remainder when v is divided by 1/(0 + 1) - -10.
10
Calculate the remainder when (15 + -8 - 63)*-1 is divided by 35.
21
Let p be 0/((0 - 1) + -1). Suppose -7*b + 2*b + 135 = p. What is the remainder when -424*((10 - 42/6) + 13/(-4)) is divided by b?
25
What is the remainder when -3 - ((-1)/(-5) - 532/10) is divided by 4?
2
Calculate the remainder when 30 is divided by 10/75 + 238/15.
14
Suppose 0 = 4*z - 8 - 12. Suppose 5*f - 572 = 2*l, -z*l - 381 = -3*f - 34. Calculate the remainder when f is divided by 29.
27
Suppose 2*t + 81 = 2*h - h, 3*t - 9 = 0. Calculate the remainder when h is divided by 36.
15
Let z(j) = 7*j - 7. Let a(p) = -p**2 + 22*p - 34. Let x be a(20). What is the remainder when 66 is divided by z(x)?
31
Let o(w) = 14*w**2 + 24*w - 3. Let g = 8 + -20. Let v = g + 31. What is the remainder when v is divided by o(-2)?
4
Suppose -u - 3*m = -6*u + 44, -3*m + 26 = 5*u. Suppose -60 = -2*h + 4*x, -2*h - 3*x + 2 = -23. Calculate the remainder when h is divided by u.
6
Suppose -17*y - 537 = -20*y. What is the remainder when y is divided by 10?
9
Let x = -32 + 40. Let k(l) = 19*l**3 - 20*l**3 + 8 + 2*l - l - 5*l**2. Calculate the remainder when k(-6) is divided by x.
6
Let g(p) = -11*p + 2 + 4*p - 2 + 1. Let z(d) = -6*d + 2. Let u(i) = -5*g(i) + 4*z(i). What is the remainder when u(3) is divided by 13?
10
What is the remainder when (-1)/(-4) - 38/(-8)*29 is divided by 29?
22
Suppose -464 = -4*y - 0*y. Suppose -61*o = -66*o + 195. What is the remainder when y is divided by o?
38
Suppose 0 = -3*g + 3*n + 24, -2*n - 2 = -4*g + 20. Let c be g - (0 + -2)/(-2). Suppose c*a - 85 = -3*a. Calculate the remainder when 32 is divided by a.
15
Let z = -1 - -7. Suppose z*u - 348 = 2*u. Suppose u = i + 16. What is the remainder when i is divided by 37?
34
Let i = -62 + 41. Let y = 127 + i. What is the remainder when y is divided by 27?
25
Suppose -2*r + 502 = 3*g, -5*r - 392 = -3*g + 75. What is the remainder when 317 is divided by g?
153
What is the remainder when 183 is divided by 62 + -6 + 2 + 4?
59
Let s be (12/(-10))/((-4)/100). Let u = s + -23. Calculate the remainder when 39 is divided by u.
4
Let o be -2 - ((-8 - -5) + -2). Suppose 227 = o*c + 131. What is the remainder when 125 is divided by c?
29
Let y = 400 - 390. What is the remainder when 35 is divided by y?
5
Let s(k) = k - 8. Suppose -d = 3*i - 19, 3*d + 4*i - 12 - 25 = 0. Let z be s(d). Calculate the remainder when 46 is divided by (-1 - -13) + 1 + z.
10
Suppose 18 = 3*z + 3*u, 9*z = 4*z + 2*u + 23. Suppose 16 = 4*s, l - z*l - 4*s = -60. Let i = -67 - -121. What is the remainder when i is divided by l?
10
Suppose 0 = y + k + 12, -12 - 10 = y + 3*k. Let a(g) = 2*g - 11. Let w be a(y). Calculate the remainder when 17 is divided by (30/w)/(2/(-10)).
5
Suppose 0 = 4*g - 222 - 30. Calculate the remainder when g is divided by 46.
17
Calculate the remainder when 17*(12/6 + -1) is divided by 9.
8
Let a be (2/(-4) + 0 - -85)*2. Let s = a + -34. What is the remainder when s is divided by 23?
20
What is the remainder when (44 - 38) + (-1 - -90) is divided by 7?
4
Let o = 470 + -461. What is the remainder when 51 is divided by o?
6
Let t(r) = -r**3 + 9*r**2 - 6*r + 1. Let j be t(8). Suppose y + 4 = 0, 3*m + 2*y + 12 = m. Let d = m + j. What is the remainder when 58 is divided by d?
13
Let o(q) = -3*q**3 - 26*q**2 + 11*q - 51. What is the remainder when o(-11) is divided by 34?
29
Suppose 19*h = 14*h + 25. Suppose -3*k = -5*t - 43, -h*t - 39 = -0*t + k. Let v = t - -44. What is the remainder when v is divided by 20?
16
Calculate the remainder when 634 is divided by ((-155)/124)/(5/(-136)).
22
Let n(j) = 8*j**2 - j + 9. Suppose -2*t - 3 = -3*h - 2, -t + 16 = 4*h. What is the remainder when n(h) is divided by 20?
18
Let v be -1 - 1 - (4 + 11/(-1)). Suppose -b + 3*b = 5*m + 35, 2*m - 160 = -v*b. Calculate the remainder when b is divided by 17.
13
Suppose -15*z + 740 = -235. Calculate the remainder when z is divided by 26.
13
Suppose 5*l - 2*t = 105, 3*l - 4*t - 63 = -t. Suppose -f + 13 = 3*i, -2*i + 6*f = 2*f - 4. Suppose i*v + 2 = 46. What is the remainder when l is divided by v?
10
Let j = -1242 + 1310. Calculate the remainder when 128 is divided by j.
60
Suppose -7*x = 9*x - 160. Calculate the remainder when 18 is divided by x.
8
Let w(u) = -6*u**3 + 2 - u**3 + 6*u**3 + 2*u + 5*u**2. What is the remainder when 18 is divided by w(5)?
6
Let w be (10/1)/(2/(-54)*-2). What is the remainder when 32 is divided by (-202)/(-18) - 3*10/w?
10
Let y(l) = 2*l**2 + 5*l + 2 - l - 33*l**3 + 29*l**3. Calculate the remainder when y(-2) is divided by 6.
4
Let h(y) = 7*y**2 - 17*y - 8. Let n be h(6). Let p = n - 76. What is the remainder when p is divided by 18?
12
Let s(y) = -13*y - 3. Let j be s(-2). Suppose -q + 0*w - w = -j, 64 = 3*q - 2*w. Calculate the remainder when 85 is divided by q.
19
Let q(a) = 5 - 3 + 2*a**2 - a**2 + a. What is the remainder when (21/2)/((-24)/(-32)) is divided by q(-3)?
6
Let c(l) = l**2 + 56*l + 545. Suppose 3*o + 83 = 4*o. Calculate the remainder when o is divided by c(-44).
15
Let a be 0 - -1 - (15 + 2). Let j = a - -18. Suppose 26 - 2 = j*w. What is the remainder when 35 is divided by w?
11
Suppose -5*c + y + 79 = 0, y + 83 = 5*c - y. Suppose 0*p - p = -2*m + 7, 0 = -5*m + 5*p + c. Calculate the remainder when 19 is divided by m.
3
Suppose -2*p = 10, 2*d + 0*p = p + 11. Suppose 0 = -6*l + 3*l + 150. Suppose -6*q - l = -11*q. Calculate the remainder when q is divided by d.
1
Let a = -153 + 415. What is the remainder when a is divided by 12?
10
Let d = 245 - 214. Calculate the remainder when 56 is divided by